/6. Suppose 0 = 2*g - 2*i + u, -2 = g - 2*i + 1. What is the units digit of g?
1
Suppose l - 38 = -x, 2*x - x - 30 = l. Let t = x + -20. What is the tens digit of t?
1
Let j be (-1*2)/((-6)/(-21)). Let f = -1 - j. Let h = f - 1. What is the units digit of h?
5
Let c = -11 + 34. Suppose 5*q + 2*h - 5*h = -26, -5*q - 16 = 2*h. Let g = q + c. What is the tens digit of g?
1
Suppose -3*z + 52 + 329 = 5*y, 90 = y - 4*z. What is the units digit of y?
8
Let g(u) = u**2 + 10*u - 6. What is the tens digit of g(-14)?
5
Let x = -4 - -4. Let q(t) = t + 1. What is the units digit of q(x)?
1
Let n be (8/2)/(1 - 0). Suppose n*x - 2*x + 4 = 0. What is the units digit of 8 + 1 - (x + 4)?
7
Let f(d) = 46*d**2 - 2*d + 1. What is the tens digit of f(1)?
4
Let f(p) = p**3 + 9*p**2 - 3*p + 1. Let o be f(-9). Let c = 50 - o. What is the units digit of c?
2
What is the units digit of 2 + (-2)/(-2) + 2?
5
Suppose 0 = 5*w - 0 + 20. What is the units digit of 8*(25/w)/(-5)?
0
Suppose 24 = 2*f + 2*l, -f = -3*l + 11 - 27. What is the units digit of f?
3
Let b = 219 - 49. What is the hundreds digit of b?
1
Let v be 0 + 6*4/6. Suppose v*k - 3*r = r + 48, -3*r = 3*k - 24. What is the units digit of k?
0
Suppose 114 = 2*d - p + 4*p, 0 = 5*d - 4*p - 239. What is the units digit of d?
1
Let y = -11 - 2. Let k(n) = n**3 + 14*n**2 + 8*n - 15. What is the units digit of k(y)?
0
Let m be -4 - (-5)/(10/4). What is the units digit of (m/(-3))/(1/33)?
2
Let x = 11 + -10. Suppose x = d - 2. What is the units digit of d?
3
Let w(s) = s**2 - 10*s + 6. Let y be w(11). What is the units digit of (-6 + 14)*y/4?
4
Let q = -35 - -22. Let y = q + 20. What is the units digit of y?
7
Let v be (-14)/(-6) + 6/9. Suppose -2*y = -4*t - 8, -v*y + 0*t + t = -27. What is the units digit of y?
0
Let v be (1 + -2 + -2)*-1. Suppose 2*c - 6*g = -2*g - 54, v*c = 5*g - 84. What is the units digit of (-171)/c - 2/11?
5
Let y(n) = -n + 6. Let q(h) = -5. Let p(x) = 5*q(x) + 4*y(x). Let w be 0 - ((0 - 0) + 1). What is the units digit of p(w)?
3
What is the units digit of 22/(-99) - (-1379)/9?
3
Let y = 11 - 7. Suppose b + 7 = -y. Let t = -6 - b. What is the units digit of t?
5
What is the units digit of 5 + (-3 - -4 - 0)?
6
Let s(n) = 2*n**2 - 2*n + 3. What is the tens digit of s(4)?
2
What is the units digit of (32/(-4))/((-2)/4)?
6
What is the units digit of ((-130)/(-8))/(6/24)?
5
Let n be ((-2)/3)/(4/(-12)). Suppose -5*b + 12 = 3*a, -2*a + n = 2*b - 2. What is the units digit of b?
3
Let b be -3 - -4 - -7*2. Let j = 27 - b. What is the tens digit of j?
1
Let q = -19 + 27. Suppose -q*f + f = -105. What is the tens digit of f?
1
Let x(z) = -z + 1. Let k be x(-2). Let b be -4*2/(-3 - -7). What is the units digit of (k + b)*2 - -13?
5
Suppose -2*d + 102 = -36. What is the tens digit of d?
6
Let p(x) = x + 2. Let n be p(7). Let l be 3/(n/(-5))*18. What is the tens digit of l/4*(-8)/5?
1
Let y be -7 + (-3 - (-1 + 0)). Let w = y + 4. Let d = 11 + w. What is the units digit of d?
6
Let i = 16 - 6. What is the tens digit of i?
1
Let d(r) = r + 7. Let s be d(0). Suppose -s = 4*u - 3*u. Let j(h) = h**2 + 6*h + 1. What is the units digit of j(u)?
8
Suppose -5*c + 517 = -4*h, 2*c + 6*h - 196 = 4*h. What is the tens digit of c?
0
Let j(t) = 8*t**3 - t**2 + t - 4. What is the units digit of j(2)?
8
Let b(p) = 11*p + 4. Let s be b(4). What is the tens digit of s/2 + 12/(-4)?
2
Suppose 2*b - 66 = -b + 4*j, -3*b + 51 = j. What is the tens digit of b?
1
Let z = 29 + -14. Suppose -10*j - 195 = -z*j. What is the units digit of j?
9
Suppose f = -2*b + 37, -2*b + 36 = 5*f + 3. What is the units digit of b?
9
Suppose 31*t + 560 = 39*t. What is the tens digit of t?
7
Let u(d) = 2*d - 6. What is the tens digit of u(16)?
2
Suppose -31 + 18 = -w. Suppose l = 3*x - w - 18, -x = -2*l - 12. What is the units digit of x?
0
Suppose -3*o - 17 = -65. Suppose 4*v + 0*v - o = 0. Suppose n - 20 = -v*j, n + 2*j = -4*n + 28. What is the units digit of n?
4
Let a(n) = 201*n**3 + n**2 + n - 1. What is the hundreds digit of a(1)?
2
What is the units digit of 14/((-2)/(-9) - 0)?
3
Suppose -6*a = -251 - 199. What is the units digit of a?
5
Let q be (-6)/(-6*4/(-204)). Let b = q + 73. What is the tens digit of b?
2
Let t = 19 + -18. Let v(p) = 32*p + 1. What is the tens digit of v(t)?
3
Let n = 70 + -38. Let z = n - 10. What is the units digit of z?
2
Let q(u) = -u**2 + 3*u + 3. Let h be q(4). What is the units digit of -1 + (h - -8)*6?
1
Let j be -2 + (-3 - (-9 - 0)). Suppose -3*t - 4*d + 7 + 21 = 0, 0 = -4*d + j. What is the units digit of t?
8
Let x(h) = h**2 - 6*h + 6. Let r be x(6). Suppose o = -1 + r. What is the units digit of o?
5
Let a(n) = -5*n**3 + 4*n**2 - n - 2. Let t be a(3). What is the units digit of (t/6)/(4/(-6))?
6
Let q = 0 + 0. Suppose 9 = u + 3*l, -2*u + 6*l - l - 15 = q. Suppose 4*g - 14 - 22 = u. What is the units digit of g?
9
Suppose 0 = -11*g + 9*g + 64. What is the tens digit of g?
3
Suppose -o = -0*o + 4. What is the units digit of -1*(-2)/o*-2?
1
Let f(g) = -g**3 - 4*g**2 - g + 5. Let o be f(-4). Let h(b) = -b**2 + 10*b - 3. What is the units digit of h(o)?
6
Let l be 42/6 - 4/2. Suppose 38 = -5*a + d, a = -0*a + l*d + 2. Let b = a + 26. What is the tens digit of b?
1
Suppose -5*r + 665 = -110. What is the hundreds digit of r?
1
Let z(j) = 153*j - 6. Let r be z(-6). What is the tens digit of (-1)/(-3) + r/(-36)?
2
Let g(t) = -t + 8. Let y be g(6). Suppose 3*b - y*b = 18. What is the units digit of b?
8
Let i(a) = -a**3 - a + 63. Let p be i(0). Let l = -31 + p. What is the tens digit of l?
3
Let o(p) = 2*p - 2. Let j be o(4). Let k be 1/2 - (-525)/j. Suppose -5*w + k - 13 = 0. What is the tens digit of w?
1
Let v = 31 + -3. What is the tens digit of v?
2
Suppose 0 = 4*s + 3*y + 8 - 29, y = -5*s + 18. Suppose -2*b - 19 + 1 = -5*v, 0 = -s*b + v - 1. Suppose b = -l + 4. What is the units digit of l?
3
Let s be 184/4 - (1 + 0). Let o = s + -24. What is the units digit of o?
1
Let b(p) = p + p**2 + 0*p + 5*p + 5. Let u be b(-5). Suppose -2*x = -u*x - 20. What is the units digit of x?
0
Let o be ((-8)/5)/((-16)/40). Suppose 40 = b + 3*q - 8*q, -o*b + 232 = 4*q. What is the tens digit of b?
5
Let t = 8 + -11. Let q = t + 31. What is the tens digit of q?
2
Let w(k) = -k**3 + 5*k**2 - 3*k + 3. Suppose x = 3*x - 6. What is the tens digit of w(x)?
1
Suppose 213 = 5*t - 2*r, -4*t + 6*r + 172 = 4*r. Let o = t - -4. What is the tens digit of o?
4
Let r(j) = j**3 + 4*j**2 + 4. Let o be r(-4). Let k(h) = -h - 1 + o*h + 0*h. What is the units digit of k(2)?
5
Let i = -17 + 29. Suppose 0 = -2*y + 4 + 10. Suppose 2*m + 2*q = m + i, 4*m + y = 3*q. What is the units digit of m?
2
Let z(w) = w**3 - 2*w**2 + 13*w - 9. What is the hundreds digit of z(5)?
1
Let w be (4/(-6))/(2/6). Let l(m) = -2*m**3 + 2 - 3*m**2 + 3*m - 4*m - 3. What is the units digit of l(w)?
5
Let r = -3 - -10. Let b(v) = -9*v + 2*v + v**2 - 4 + 7. What is the units digit of b(r)?
3
Suppose -5*q + 1135 = -5*h, h - 8 = -4. What is the tens digit of q?
3
What is the tens digit of (514/(-6))/(3/(9 - 18))?
5
Let k be 2 - (0/(-3))/2. Suppose -k*y = -2*z + 2, 3*y + 3*z = y + 18. Let i = 4 - y. What is the units digit of i?
1
What is the units digit of 1/((-4)/(-7 + 3))?
1
Let f = -44 + 62. Suppose -5*k = -b + f, -3*b - 5*k = b - 147. What is the units digit of b?
3
Let g = -4 - -7. Suppose 2*c - 10 = 5*b, g*c + 2*b = 5*b + 6. Suppose c = f + f - 6. What is the units digit of f?
3
Let a(i) be the first derivative of i**3/3 + i**2/2 + 2*i - 2. What is the units digit of a(2)?
8
Let d = -100 + 245. What is the units digit of d?
5
Let m(h) = h**2 + 2*h - 5. Let b(i) = i**2 + 10*i + 11. Let a be b(-8). Let p be m(a). Let c = -5 + p. What is the units digit of c?
5
Suppose -3*g = 2*g - 10. Let k = 6 - g. Suppose -4*s + s - k*u = -38, 5 = u. What is the units digit of s?
6
Let i be 2/(0 - (-1 + -1)). Suppose 2*s + 4*k - 26 = 0, 2*k - 3*k + 14 = 3*s. Suppose s = q + i. What is the units digit of q?
2
Let d(p) = p**2 + 4*p - 16. What is the units digit of d(-7)?
5
Let u = 79 + -48. Let k = u + -21. What is the units digit of k?
0
Let n(g) be the first derivative of -g**4/4 - 4*g**3/3 + 5*g**2/2 + 2*g + 2. Let q = 0 + -5. What is the units digit of n(q)?
2
What is the tens digit of (-4)/(-1